12) - -97)?
-89
What is the value of (12 - (4 + -5) - ((-61 - -18) + 167)) + -4?
-115
What is the value of 41 + -2 + (-31 + 48 - (4 - -13))?
39
What is the value of 991 - 979 - (-1 - 39)?
52
Evaluate (-20 - -2) + (-104 - -88) + -13 + -10.
-57
Evaluate (-10 - 6) + (391 - 402).
-27
(-622 - -623) + (-3 - -3) + -1
0
(-12 + 6 - (-12 + 21 - 18)) + -14
-11
-2 - (-69 + 43 + 1)
23
What is the value of 41 - (-6 - 7 - (-3 + 5) - -5) - 6?
45
Calculate (237 - 116) + (-31 - 28).
62
Calculate 7 + (-11 - 4) + 8 + 1 + 6.
7
43 - (78 - (58 - 45))
-22
Evaluate 83 + (339 - 315) + (-12 - 6) + 5.
94
-127 - -67 - -167 - 50
57
Evaluate 7 + (-3 - (4 - 4)) - (17 - (-62 - -23)).
-52
Evaluate (-17 - 16) + 38 - (59 + 2).
-56
What is the value of 47 - (-27 - 1) - 51?
24
What is -34 - (-80 + (25 - (67 + 1)))?
89
-19 - (-51 - (6 + (-7 - 0)))
31
What is the value of (2 - (1 + 12)) + (-11 - 2 - -115) - 10?
81
(16 + 0 - (53 + -29)) + (20 - 2)
10
What is the value of -7 + -19 + (-46 - (-5 - 156))?
89
Calculate (4 - (34 + -39 + 45)) + 122.
86
What is the value of 4 - (-73 + (4 + 4 + 11 + -1 - 13))?
72
Calculate 37 - (0 + 29) - (-21 + 7 + -2).
24
(-983 - -1048) + (-1 - 90)
-26
Calculate 9 + (1 - 12) + 14 + -75 + 145.
82
Calculate -1 - 7 - (-27 + 24 - 0 - -6).
-11
Calculate (49 - (72 + -103)) + -39.
41
Evaluate 48 + -14 + -18 + 27.
43
Calculate (15 - -10) + -19 + (1 - 2) - 11 - -52.
46
What is 24 - (1 + (11 + -9 - -7)) - 0?
14
What is the value of 0 + 13 + (18 - 45 - -46)?
32
Evaluate (82 - 54) + -24 - (-7 - 0).
11
Calculate -185 + 183 + (77 - 0) - (0 - 1) - 11.
65
-27 + (0 - -28 - -4) - (79 - -1)
-75
Calculate 15 + (-25 - 78) + 44 + -52.
-96
What is 86 - (129 + -69 - 1)?
27
Calculate 1 + -103 + -192 + 103 + 85.
-106
Evaluate -65 - 8 - 30 - -121.
18
4 + (-45 - -29 - -10) + (-7 - -1)
-8
Evaluate -23 - -39 - (-84 - -134).
-34
Evaluate (-8 + 84 - 30) + -73.
-27
What is the value of -7 - (-24 + -17 - 40)?
74
What is 4 + -18 + -7 + (16 - -1) + -15?
-19
What is the value of -30 + 1 - (80 - 87)?
-22
Evaluate 12 + 54 + -100 - 37.
-71
What is the value of (6 - 3) + -24 - (-35 - 11)?
25
What is 4 - (-19 + (-1 - (18 + 1)))?
43
Calculate 8 + (-10 - -11 - -13) + (-2 - 2) + 2.
20
What is 97 - (22 + 65) - (0 - 74)?
84
Calculate (-9 - (-3 - (11 + 8))) + (9 - 5).
17
107 - ((255 - 73) + 34)
-109
Calculate -11 + (-8 + -37 - -42).
-14
Calculate (-35 - (-13 - 14)) + -1 + 6 - (-4 + 10).
-9
Evaluate (2723 - 2689) + 0 + -38.
-4
-116 - -26 - (6 - 55)
-41
What is -1 + (-4 + -15 - -14) + (-15 - 6 - 0)?
-27
Calculate (-5 - (-72 + 9)) + -48.
10
What is the value of (10 - -7) + -4 + (7 - -14)?
34
1 + (-5 - -26 - 2) + -35 + 48
33
-5 + 14 - (15 + (2 - 19) - (-79 + 0))
-68
Calculate -28 + 4 + 33 + -11 + -37.
-39
What is the value of -12 - (0 + -12 + 4 - (48 + 3))?
47
Calculate -3 + (-5 - (2 - 21)) + -4 - (465 + -462).
4
Calculate -13 + (-13 + -15 - (-169 - -98)).
30
What is 51 + 3 - -1 - (33 - 20 - -2)?
40
What is -15 + ((-39 - -1) + 0 - (-3566 + 3581))?
-68
-28 + ((11 - 2 - 12) + -4 - 4)
-39
What is the value of 3 - -102 - (384 + -273)?
-6
What is the value of -55 + (1 - -1) + (44 + -48 - 36 - -40)?
-53
(-30 - (8 + -16)) + 57
35
What is the value of (-39 - 2) + 10 + 5 + (-30 - -16)?
-40
What is -21 + -7 + 5 + (1 - (4 + 1))?
-27
What is (-18 - -6 - (-183 - -199)) + -26?
-54
Calculate (-2 - (11 - (16 + -34 - -12 - -35))) + 3.
19
Calculate (-32 - ((-42 - -49) + -131)) + -33.
59
What is -214 + 197 + 3 + 91?
77
Evaluate -4 + (-5 - -71) + (-28 - -27 - 3).
58
What is -63 - (-59 - 42 - -52)?
-14
Calculate 17765 + -17774 - (2 + 2 + -15).
2
What is the value of 4 + 42 + -9 - 50?
-13
What is the value of -10786 + 10748 + (2 - ((-1 - 1) + -5))?
-29
What is (-80 - -112) + -13 + -1 - -39?
57
What is 5 - -40 - (18 + -28 + (-6 - -17))?
44
What is -14 - -4 - (2 + (-11 - -4) + 7 + -4)?
-8
Evaluate -1 + -1 + -5 + 6 + 0 + -4 + 46.
41
Evaluate -66 - -91 - (-16 + -20).
61
-12 + (-4 - ((16 - 24) + 5)) + -28
-41
What is 7 - ((6 - (-58 - -16)) + 7 + (1 - 7))?
-42
(-11 - (7 + (1 - 19))) + -6 - -1
-5
What is the value of 14 + (-48 - -12) - 42?
-64
What is the value of 30 + (-176 - -94 - (15 - 20))?
-47
What is -12 - 15 - ((-40 - -29) + 4)?
-20
(-107 - ((2 - 6) + 3 - 0)) + -1712 + 1718
-100
Evaluate -29 + 39 + -19 + (1 - (0 + -51)).
43
Evaluate (-18 - -22 - 18 - -71) + (-10 - -3).
50
(17 - 0) + -54 + (-2 - (-11 - -1))
-29
What is (9 + -8 - (1 + -9)) + (-265 - (-191 - 19))?
-46
What is the value of 59 + 5 + 0 - (-3 + (7 - (-13 + 7)))?
54
What is 5 + -5 + 22 - 37 - 25?
-40
What is the value of 3286 + -3268 + -1 + -3 + 11?
25
-6 - -5 - (-49 - -16)
32
Calculate (-64 - -46) + 23 - (2 - -32) - (-3 - -11).
-37
-30 - (13 + -29 + (2 - -13) + -4)
-25
Calculate -39 + 20 + -118 + 238.
101
76 + -50 + 210 - 91
145
What is the value of 260 - 253 - ((2 - 1) + -8 + 1)?
13
-162 + 79 + 27 - (-8 - -5)
-53
What is 7 - (74 + -71 + (-2 - 0) + 25)?
-19
Calculate 28 - ((-34 - (35 - 67)) + (-8 - 3)).
41
Evaluate -1 + -49 + 18 + 40 - (10 + 2 + -1).
-3
What is the value of (-36 - (-37 - (5 + -2))) + 21?
25
What is -8 - (34 + -18 + -1 + 10)?
-33
-29 + -37 + 47 - (-8 - -3)
-14
What is the value of -35 + -23 + 25 + (-23 - -10) + 0 + -3?
-49
-14 + (-2 - -1) - (-107 + 203 + -56)
-55
-30 + (158 - 140) + 137
125
-37 + 12 + 8 + 23 + -26 + 1
-19
What is -2 + 1 + 15 - (33 + (-45 - (12 - -63)))?
101
Calculate (13 - (105 - 97)) + (1 - 3 - 2).
1
What is the value of 32 + 2 + (-38 - -36)?
32
What is (0 - -74 - (1873 - 1853)) + (1 - (-1 - -10))?
46
What is the value of (1 - 8 - -6) + (7 - -4) - (2 - -82)?
-74
Calculate (41 + 9 - (28 - 3)) + 57.
82
Evaluate (-29 - (-1 + -2)) + (22 - 19 - (5 + -6)).
-22
Calculate -4 + -50 + 3 + (-16 - (-11 + -7)).
-49
What is the value of -1 + 5 + (-31 - (-66 - (0 - -25 - 21)))?
43
What is the value of (0 - -112) + (-5 - 1) + 26 + -7 + -18?
107
Evaluate -238 - (-149 - 78) - (1 + 3 + 15 + -1).
-29
What is -68 + -79 + 202 + 28?
83
What is 2 + (-2 - -9) + 67 + -25 + 58?
109
Calculate (-1 - -14) + (42 - 5) + -40 + -29.
-19
Calculate 12 + (-3 - -7) + 8 + -53.
-29
Calculate -47 + 0 - 4 - (-2 - (-7 - (-2 + 1))).
-55
Calculate 66 + 55 + -87 + -31.
3
Calculate 24 - (438 + -461 + (-82 - -2)).
127
What is the value of 15 + -13 - -13 - (36 - 51)?
30
0 + 42 - (3 - (1 + 2) - (-84 + 76))
34
What is the value of 86 + -9 + 0 + 277 + -302?
52
Evaluate 37 - ((131 - 6) + -30).
-58
Calculate -4 + (-9 - (-5 - -2)) + 41 + -27 + 32.
36
What is the value of -1 + (13 - ((-1 - -3) + -54 + 176)) + 9?
-103
Evaluate 27 + 31 + -38 + -5.
15
-3 - (-7 - -6) - 58 - ((11 - -8) + -8)
-71
0 + -1 + -36 + (18 - (12 + 2 + -28))
-5
Calculate 0 + ((-1 - -2) + (6 + -25 - -5) - -9).
-4
-37 - (58 + -41) - -38
-16
What is 15 - 0 - ((-16 - 98) + 50 + 6)?
73
What is 4 + 10 + -7 + -2 - (-45 - -41)?
9
What is 8 - (-26 - (14 + -44)) - 12?
-8
Calculate (0 - 1) + (-86 - (22 - 115)).
6
(2894 - 2943) + -7 + 0 + 9
-47
What is the value of (-7 + (4 - -4) - 6) + (-1 - (50 - 10))?
-46
What is the value of (-20 - -17) + (9 - (-15 + -9 - 3))?
33
Calculate 2595 + -2613 - (1 + -30).
11
What is -1 + (24 - 37) + 180 + -45?
121
What is (-25 - (-5 + -4)) + (6 - 11 - 39)?
-60
What is -263 + 853 + -623 - (1 + (-1 - 0) + -11)?
-22
Evaluate -3 - (50 - (33 - 6) - -36).
-62
Evaluate 1 + 10 + (43 + -61 - (1 + (-24 - -9))).
7
Evaluate 74 - (5 + -30 - -47).
52
What is 83 + -440 + 444 + -3 + 1 + 4?
89
-120 + (-34 - (-41 + -56))
-57
Calculate -93 - (30 - 155 - -51).
-19
What is the value of 45 - 10 - (15 - (-45 - 10))?
-35
What is the value of -59 + -3 + 11 + -2 + -3 + (-5 - -9)?
-52
What is (73 + -146 + 79 - (-1 + 0 + 6)) + 119?
120
Evaluate 125 - (157 - (54 + -11)).
11
What is (-35 - 11) + (4 - -9 - 4) + -1?
-38
Calculate 10 + 21 - 21 - 3.
7
Evaluate -15 - (-45 - (-18 + -1)).
11
What is -18 - 28 - 6 - -21?
-31
What is the value of ((1 - (3 - -59)) + 0 - (-5 + -1)) + 1?
-54
Calculate 4 + (-41 - (43 + -64)).
-16
-241 + -1 + 74 + 79
-89
What is the value of 2 + -18 - (-108 - (-120 + 8))?
-20
What is 213 - 198 - (20 + 25)?
-30
Calculate 13 + 30 + (-61 - 20).
-38
Calculate 51 + 1 + -212 + 169.
9
Calculate -6944 - -6982 - (-20 - 1).
59
What is the value of (7 + -4 - (-26 + 17 - -5)) + 38?
45
What is -2 - (-1 + -4 + -6) - 3 - -10 - 0?
16
3 + -1 + 57 + (-609 + 582 - (-17 + 1))
48
1 + -6 - (5167 + -5049 - (1 - -22 - 0))
-100
What i